- 25. Let n(b) = -b**2 - 7*b - 3. Let p be n(-6). Let f = p + -9. What is the tens digit of y(f)?
5
Let c = -2463 - -5038. What is the tens digit of c?
7
What is the hundreds digit of -19 + 201754/((-91)/(-13))?
8
Suppose -r - 17 = -4*a + 17, 0 = -3*r + 4*a - 70. Let t be 5 - 1362/r*-3. Let y = -108 - t. What is the units digit of y?
4
Let v be (2/(-10))/(1/(-5)). Let t be (-71)/(-3)*3 + v. Suppose 5*j - 217 = -t. What is the units digit of j?
9
Let x(z) = 3*z**3 + 1. Let h be x(1). Suppose -5*u + w = -13 + 2, 0 = 3*u + 3*w - 21. Suppose t - 5 - 3 = h*l, -5*t + u*l + 57 = 0. What is the tens digit of t?
1
Suppose 0 = 19*y - 18*y + 12. What is the hundreds digit of ((-894)/(-9))/(y/(-54))?
4
Let g = 443 - -4267. What is the thousands digit of g?
4
Suppose 8*m - 6*m = 6. Suppose -130 = -m*a - 124. Suppose -i = -o + 12, 2*o + a*o - 23 = -i. What is the units digit of o?
7
Let d be (-4 + (22/6)/1)*0. Suppose d = c + 2 + 7. Let m(t) = t**3 + 8*t**2 - 18*t - 10. What is the units digit of m(c)?
1
What is the tens digit of (-26605272)/(-1342) + 1/(-11)?
2
Let x = -17 + 37. Suppose -3*n - 2*z - 11 = 0, 0 = -4*z - z - x. What is the tens digit of n*((3 - 23) + 4)?
1
Suppose -93*s = -94*s + 50. Suppose s*d - 39000 = -9200. What is the units digit of d?
6
Suppose 0 = 11*u - 10*u + 3*b - 1635, -b = -5*u + 8191. What is the thousands digit of u?
1
Suppose 3 = -n + 5. Suppose 4*j + 1399 = 5*i, n*j = 5*i - i - 1118. Suppose -5*r + 56 = -i. What is the tens digit of r?
6
Suppose 2*c - 4*s - 42 = 0, -2*s = -7*s - 5. Suppose 0 = -3*u + 3*n + 141, c = -2*u - 4*n + 125. What is the tens digit of u?
4
Let r be (4 + (-2450)/5)*-3. Suppose 2*p = -2*d + r, 0 = -5*d + 5*p + 4735 - 1130. Suppose 5*k - n = d, 4*k - 580 = 4*n - 0*n. What is the tens digit of k?
4
What is the hundreds digit of (1*-1)/(170/(-1270580))?
4
Suppose 0 = -7*v - 75 - 247. What is the hundreds digit of (-11496)/v + (-60)/(-690)?
2
Let u = -181 - -164. Suppose 3*s - 113 = -5*p + 19, -3*p + 132 = 3*s. Let k = s + u. What is the tens digit of k?
2
Suppose 115 = -5*o - 200. What is the tens digit of ((-424)/12)/(14/o)?
5
Let q be 1 + (-7)/(-1) + -1. Let x(v) be the third derivative of v**5/30 - 11*v**4/24 - 2*v**3/3 + 10*v**2 + 80*v - 3. What is the units digit of x(q)?
7
What is the ten thousands digit of 24 - (-3 + 21) - -60716?
6
Let o(h) = 0*h + 10*h - 35*h**2 + 2*h**2 + 2*h**2 + 31 + 32*h**2. Let y = 16 - 26. What is the tens digit of o(y)?
3
Suppose 230260 = -1250*o + 1270*o. What is the thousands digit of o?
1
Let l(d) = -367*d + 52. What is the hundreds digit of l(-11)?
0
Suppose 3*m - 3*x = 236 - 1895, 1107 = -2*m + x. Let t = -2 - m. Suppose t = 4*f - 5*r, -r - 274 = -2*f + r. What is the units digit of f?
3
Let x be (8056/96 - 1/(-12)) + -7 - 7. Suppose 0 = 5*j, 2*w + 2*j + 460 = 7*w. Let r = w - x. What is the tens digit of r?
2
Let a(b) = -30*b**2 + b + 6. Let i be a(-3). Let h = -605 + 192. Let g = i - h. What is the units digit of g?
6
What is the hundreds digit of ((486/(-12))/9)/((-9)/115902)?
9
Suppose -l - 295 = 5*i, -3*i = -8*i - 5. Suppose 0 = 4*r + 566 + 18. Let p = r - l. What is the hundreds digit of p?
1
Suppose -32*b + 29 = -323. Let f(x) = 3*x**2 - x. Let j be f(-1). Suppose b = 3*q + y - 256, 0 = j*q + 5*y - 345. What is the tens digit of q?
9
Suppose 4*w - 2492 = -5*l, -7*l = -2*w - 4*l + 1224. Suppose u + 4*f = w, 4*u - 17*f - 2404 = -16*f. What is the tens digit of u?
0
Suppose 2*v = -4*v + 12. Let f be (-102)/(-4) + (-1)/v. Let m = -9 + f. What is the units digit of m?
6
Let o(g) = -191*g**3 - 15*g**2 - 42*g - 25. Let r(q) = 96*q**3 + 7*q**2 + 20*q + 12. Let z(k) = -6*o(k) - 13*r(k). What is the units digit of z(-1)?
3
Let w = -7550 + 13202. What is the units digit of w?
2
Suppose -3*p - 4*u = -769, -4*u + 0*u - 761 = -3*p. What is the units digit of p?
5
Let s = 1083 + 28540. What is the units digit of s?
3
Suppose 40*r - 33*r = -70. What is the tens digit of 445 - 1/(-1 + (-12)/r)?
4
Suppose -11*w - 29452 = -13*w. What is the tens digit of w?
2
Let q(t) = 2*t**2 - 109*t + 169. What is the tens digit of q(63)?
4
Suppose -108*i + 113*i = 210. Let g be (7 + -9)/(-1 - i/(-40)). Let u = 120 + g. What is the tens digit of u?
8
Let m = -70 - -84. Suppose 177 = -11*v + m*v. What is the units digit of v?
9
What is the tens digit of (259224/12)/((-26)/(-13))?
0
What is the hundreds digit of 28/2 + (-32820)/(-30)?
1
Suppose -p = -3, -11*p + 9*p = -t - 3. Suppose -421 = -n - t*o, -2322 = -4*n - 5*o - 603. What is the hundreds digit of n?
4
Let i(v) = 6*v**2 + 33*v - 465. What is the units digit of i(-123)?
0
Let y(r) = -3*r**2 - 73*r - 28. Let t be y(-13). What is the tens digit of (-5)/1 + (t - -64)?
7
What is the hundreds digit of 18/(-6)*((-350371)/21 + -2)?
0
Let t be 8 - (-2)/(-4)*6. Let z(m) = 71*m - 222. Let x be z(6). Suppose -x + 714 = t*a. What is the tens digit of a?
0
Let y be 10115/35 + (-1 + -1)*-1. Let p = 727 - y. What is the hundreds digit of p?
4
Suppose -2*b = -0*p + 4*p + 18, 4*p + 13 = 3*b. Let o be 103 + (-3 - p)/(1/(-3)). Suppose -t + 178 = 3*v, -t - o = -2*v + 3*t. What is the tens digit of v?
5
Let w(p) = -13*p**2 + 8*p - 3. Let k be w(8). Let m = 1290 + k. What is the hundreds digit of m?
5
Let v(f) = -5*f**3 + 13*f**2 - 22. Let c(j) = -6*j**3 + 14*j**2 + 2*j - 23. Let t(b) = 2*c(b) - 3*v(b). What is the hundreds digit of t(5)?
1
Let f be ((-62)/(-6))/((-5)/(-345)). Let y = f - 374. What is the units digit of y?
9
Let b = 1 - -4. Suppose -w = 0, 3*w = 2*o + b*w + 16. What is the units digit of (-4)/o + (-11)/(-2)?
6
Suppose -266*v + 263*v - 94593 = -3*i, 3*v - 15 = 0. What is the ten thousands digit of i?
3
Suppose -128 = i + 4*h, i = -2*i + h - 332. Let m = i - -116. Suppose 658 = m*p - 22. What is the units digit of p?
0
Let q(u) = 17*u**3 + 16*u**2 - 22*u + 247. What is the tens digit of q(8)?
9
Let m(f) be the second derivative of -f**5/20 + 11*f**4/6 + f**3/3 - 117*f**2/2 - 235*f. What is the tens digit of m(21)?
6
Suppose -3*z = -5*m + 110, 5*z + 3 = -m + 25. What is the units digit of ((-26)/(-4))/(m/308)?
1
Let p(x) = -7*x**3 + 5*x + 4. Let b be p(-1). Suppose -b*u = -2*u + 148. Let r = -18 - u. What is the tens digit of r?
1
Let n = 77601 - 45353. What is the thousands digit of n?
2
Suppose 323 = -2*y + 2579. Suppose -25*q - 44 = -44. Suppose q = 8*d + 120 - y. What is the hundreds digit of d?
1
What is the hundreds digit of 16807/11 + (-175)/(-1925)?
5
Suppose -4*n = -2*m - 9248, -2*n + 810 + 3812 = -2*m. What is the tens digit of n?
1
Suppose 2*y - 4428 = 3*j, 3*j - 6672 = 2*y - 5*y. Suppose 44*l - 50*l + y = 0. What is the tens digit of l?
7
Suppose -46*h - 5373 = -a - 43*h, -a = 4*h - 5387. What is the thousands digit of a?
5
Let i(w) = -2*w - 3. Let n be i(-2). Let z(p) = -6*p**2 - 53*p + 70. Let t be z(-10). Suppose t = -m + 36 + n. What is the units digit of m?
7
Let w = 1007 + 5193. What is the hundreds digit of w?
2
Let k(b) = 4*b**3 - 47*b**2 + 178*b - 22. What is the units digit of k(21)?
3
Let p(d) = -133*d. Let x(j) = -132*j + 1. Let g(w) = 4*p(w) - 3*x(w). Let r be g(2). Let q = -79 - r. What is the units digit of q?
6
Suppose 126 = i + 3*g - 52, -i + 198 = -g. Let k = i + -138. Suppose -k = -r + 73. What is the hundreds digit of r?
1
Let j = -163 + 178. Suppose j*n - 825 = 12*n. What is the hundreds digit of n?
2
Let m(s) = 938*s + 3030. What is the hundreds digit of m(7)?
5
Let t(w) = 6*w**2 + 6*w - 3. Let r be t(-6). Let x be r/((-6)/4 - -3). Let d = x - -5. What is the hundreds digit of d?
1
Let z = -84 - -176. Suppose 27*d - 31*d = -z. What is the units digit of d?
3
Suppose -19*o - 500 = 469. Let q = o - -150. What is the tens digit of q?
9
Let j(b) be the second derivative of b**4/12 + b**3/2 + 21*b**2 + b + 9. What is the units digit of j(-15)?
2
Suppose -139*i = -145*i. Suppose -s - 4*s + 1585 = i. What is the units digit of s?
7
Suppose 0 = 3*c - 4*c + 9. Let p be (-3 - -2)/(5/(-125)*5). Suppose -c*o + 24 = -p*o. What is the units digit of o?
6
Suppose 2*o - 4*i = 14474, -7*o - 7209 = -8*o - 5*i. Suppose 150*g - 153*g + 5418 = -5*q, -5*q - o = -4*g. What is the hundreds digit of g?
8
Suppose -2*j + 5*r + 134121 = 0, -56*j + 5*r = -51*j - 335370. What is the thousands digit of j?
7
Let q(v) = -2 - 26*v**2 + 1 - 21*v 